 a factor of 20423088?
True
Is 4 a factor of 2586656?
True
Is 58727659 a multiple of 572?
False
Is 10 a factor of 6778178?
False
Is 485532449 a multiple of 22?
False
Is 2 a factor of 565067154?
True
Does 17 divide 5939074767?
False
Is 211 a factor of 66301462?
False
Does 3 divide 42373435?
False
Is 250231752 a multiple of 6?
True
Is 865612890 a multiple of 10?
True
Is 20 a factor of 26870700?
True
Is 230426280 a multiple of 180?
True
Is 923001 even?
False
Does 19 divide 597197816?
True
Is 150073816 a multiple of 6431?
True
Does 12 divide 21609456?
True
Is 246510979 a multiple of 13?
True
Is 28212101 a multiple of 6?
False
Does 31 divide 65916819?
True
Is 5891079141 a multiple of 531?
True
Does 1939 divide 1903060635?
True
Does 188 divide 343288?
True
Does 7 divide 1062764253?
False
Does 37 divide 126949174?
False
Is 91298471 a multiple of 756?
False
Is 372 a factor of 159111601?
False
Does 693 divide 8540539?
False
Is 18812400 a multiple of 2928?
True
Is 2956355469 a multiple of 3699?
True
Is 103 a factor of 4294028?
False
Does 14 divide 109512606?
True
Does 44 divide 10791858?
False
Is 2851051 a multiple of 13?
False
Is 7610866 a multiple of 20?
False
Does 1743 divide 379302748?
False
Does 90 divide 73962540?
True
Is 294265825 a multiple of 1883?
True
Does 12 divide 2145423696?
True
Is 1175 a factor of 13601800?
True
Is 13 a factor of 274842219?
False
Is 34 a factor of 351384029?
False
Is 2874 a factor of 74068728?
True
Is 95270877 a multiple of 1516?
False
Does 40 divide 32895520?
True
Does 2 divide 50624259?
False
Is 261295458 a multiple of 479?
True
Does 1203 divide 210598383?
True
Is 85944657 a multiple of 35?
False
Does 218 divide 30488259?
False
Is 12988160 a multiple of 8?
True
Does 58 divide 227919465?
False
Does 1584 divide 203536737?
False
Is 92067838 a multiple of 845?
False
Is 5447250 a multiple of 54?
True
Is 390897576 a multiple of 36?
True
Does 292 divide 7576223432?
False
Is 111 a factor of 2281111?
False
Does 57 divide 39393099?
True
Is 190 a factor of 1384347410?
True
Does 5 divide 33211360?
True
Is 272 a factor of 246938736?
True
Is 116280960 a multiple of 6?
True
Is 764102170 a multiple of 370?
True
Does 371 divide 8533742?
True
Is 17676176 a multiple of 112?
True
Is 1005455946 a multiple of 66?
True
Is 164 a factor of 9099425?
False
Is 43172785 a multiple of 132?
False
Does 585 divide 80175076?
False
Does 156 divide 98171580?
True
Is 4755150186 a multiple of 1478?
True
Does 4362 divide 1378983599?
False
Does 134 divide 169430002?
True
Does 23 divide 1687901?
True
Does 6 divide 5024724?
True
Does 7783 divide 3003771020?
True
Is 10760123 a multiple of 36?
False
Is 42970851 a multiple of 77?
True
Is 27 a factor of 375300?
True
Is 1862 a factor of 256946690?
True
Is 53 a factor of 3622180?
False
Is 36 a factor of 25429249?
False
Is 678461785 a multiple of 17?
False
Is 665459288 a multiple of 3944?
True
Is 76 a factor of 285193952?
True
Does 114 divide 32294550?
False
Does 1410 divide 117100500?
True
Is 765337022 a multiple of 113?
True
Does 2231 divide 1432479201?
False
Is 758262180 a multiple of 39?
True
Is 27 a factor of 15502968?
True
Is 940 a factor of 57329147?
False
Does 14 divide 33226647?
False
Is 16 a factor of 1896906272?
True
Does 13 divide 1971164190?
False
Is 279011784 a multiple of 696?
True
Is 18 a factor of 32300281?
False
Is 33 a factor of 17312889?
True
Does 31 divide 23163616?
False
Is 2037914924 a multiple of 44?
False
Does 31 divide 276731916?
True
Does 15 divide 97817040?
True
Is 111314089 a multiple of 34?
False
Is 308 a factor of 2291633?
False
Is 128569415 a multiple of 77?
False
Does 100 divide 579796967?
False
Is 13735684 a multiple of 117?
False
Is 1388304159 a multiple of 28?
False
Is 56805609 a multiple of 2775?
False
Is 9857845 a multiple of 12?
False
Is 12 a factor of 98749187?
False
Is 12032852 a multiple of 722?
True
Does 3144 divide 319823400?
True
Is 549 a factor of 54369059?
False
Is 156 a factor of 3374329674?
False
Is 545 a factor of 382429770?
True
Is 221342140 a multiple of 5?
True
Does 515 divide 4658615?
False
Does 307 divide 155368402?
True
Does 20 divide 96991960?
True
Is 7610477 a multiple of 1071?
False
Is 54363027 a multiple of 73?
True
Is 4833368480 a multiple of 15440?
True
Is 450 a factor of 814139969?
False
Is 76 a factor of 8821401?
False
Is 78341304 a multiple of 320?
False
Is 122 a factor of 60171010?
True
Is 26 a factor of 18850542?
False
Does 18 divide 458342403?
False
Does 13 divide 169604149?
True
Is 824271782 a multiple of 138?
False
Is 1402272 a multiple of 162?
True
Is 28924996 a multiple of 1140?
False
Does 13 divide 1285994091?
False
Is 343283828 a multiple of 41?
False
Does 3880 divide 108632240?
True
Is 48491199 a multiple of 207?
True
Is 10 a factor of 200251760?
True
Does 435 divide 6300210?
False
Is 417 a factor of 36963297?
True
Is 23 a factor of 28315829?
True
Is 45679590 a multiple of 495?
True
Is 17827622 a multiple of 46?
True
Is 45523544 a multiple of 3302?
False
Does 135 divide 244206495?
True
Does 23 divide 1013035851?
True
Is 8 a factor of 54448536?
True
Is 281 a factor of 209022416?
False
Does 10 divide 1300488265?
False
Does 8 divide 258041624?
True
Is 4 a factor of 9983798?
False
Does 13 divide 438555195?
True
Is 88680486 a multiple of 19?
True
Is 22892078 a multiple of 4?
False
Does 146 divide 63239754?
True
Does 392 divide 44782864?
True
Is 592 a factor of 1283165328?
True
Is 7 a factor of 15640674?
True
Is 305762326 a multiple of 1277?
True
Is 59069871 a multiple of 999?
True
Is 391 a factor of 5924823?
True
Is 99397638 a multiple of 112?
False
Is 3 a factor of 5447892?
True
Does 2 divide 248094036?
True
Does 10 divide 108177640?
True
Is 113094780 a multiple of 290?
True
Is 134 a factor of 310159616?
True
Is 17 a factor of 1948189?
False
Does 24 divide 47368374?
False
Does 14 divide 36162392?
True
Is 2622227948 a multiple of 3337?
True
Is 25 a factor of 4018720450?
True
Is 85 a factor of 2321242188?
False
Is 3 a factor of 144366809?
False
Does 8 divide 38320832?
True
Is 2638532808 a multiple of 67?
False
Is 34 a factor of 25706958?
True
Is 32105460 a multiple of 2460?
True
Is 39 a factor of 58399754?
False
Is 1632059 a multiple of 1469?
True
Is 630830936 a multiple of 742?
False
Is 14252949 a multiple of 65?
False
Is 6 a factor of 360064529?
False
Is 58 a factor of 11160333?
False
Does 1344 divide 1046625216?
True
Does 5219 divide 802089582?
False
Is 87 a factor of 1753262385?
False
Does 422 divide 5148400?
True
Is 179 a factor of 65361746?
False
Is 78471435 a multiple of 667?
False
Does 13 divide 7174665?
False
Is 5907362 a multiple of 18?
False
Is 9 a factor of 36452230?
False
Does 5131 divide 914056486?
False
Does 1067 divide 2009501373?
True
Does 340 divide 401208840?
True
Does 14 divide 3044245?
False
Does 8 divide 269733014?
False
Does 20 divide 16671999?
False
Does 277 divide 168270240?
False
Does 28 divide 73276028?
True
Is 1941674 a multiple of 14?
True
Does 140 divide 1276871120?
True
Is 53309007 a multiple of 217?
False
Does 42 divide 45848544?
True
Does 125 divide 1679934?
False
Is 494778903 a multiple of 9?
False
Is 42556195 a multiple of 2045?
False
Is 4904853302 a multiple of 4570?
False
Does 6 divide 1211404908?
True
Is 105528834 a multiple of 47?
False
Does 42 divide 1498871094?
True
Is 175722075 a multiple of 225?
True
Is 8859280 a multiple of 5?
True
Does 2102 divide 952879090?
False
Is 696 a factor of 427150512?
True
Does 2167 divide 212063218?
False
Is 35327691 a multiple of 987?
True
Does 281 divide 57748872?
True
Does 408 divide 133499232?
True
Is 1796 a factor of 2319156840?
True
Is 8596649 a multiple of 17?
False
Does 20 divide 23996240?
True
Does 113 divide 24292740?
True
Is 284017853 a multiple of 1658?
False
Is 59 a factor of 1557566429?
True
Is 9 a factor of 532147055?
False
Does 103 divide 1249081?
True
Is 23 a factor of 407751383?
True
Is 924 a factor of 50114342?
False
Is 80 a factor of 357752640?
True
Does 13 divide 267377100?
False
Does 233 divide 146615949?
True
Does 230 divide 2896620?
True
Does 1930 divide 35843960?
True
Does 468 divide 141314257?
False
Does 2475 divide 18869221?
False
Does 169 divide 91823067?
False
Does 155 divide 806706651?
False
Does 13 divide 35939371?
True
Does 6610 divide 878211